e -q + 0*q = 47. Let f = q - -131. What is the tens digit of f?
8
Let h = -3371 + 6093. What is the units digit of h?
2
Let k = -145 + 148. What is the units digit of (k/(3/1))/((-7)/(-546))?
8
Suppose x = 2382 - 182. What is the thousands digit of x?
2
Suppose -27*v + 11438 = -8*v. What is the tens digit of v?
0
Suppose -3*r = -b + 90, -b - 2*b - 4*r + 335 = 0. Suppose 0*j + 101 = v + 3*j, b = v + 2*j. What is the hundreds digit of v?
1
Let n = 3 + 2. Let z = n - 6. What is the units digit of (z - -3)/(4/26)?
3
Suppose 155 = 2*d - j, -2*d + 4*j + 312 = 2*d. Let h be (-1)/(-1 - (-43)/42). Let r = d + h. What is the tens digit of r?
3
Let g = -16 - -115. Suppose -4*m + 88 = 3*w + 10, g = 5*m + 3*w. Suppose -3*a - 3 = -3*n, a = 3*n + 4*a - m. What is the units digit of n?
4
Suppose -2*g + 3*g - 2*d - 65 = 0, -d + 5 = 0. Suppose -290 + g = -5*q. What is the tens digit of q?
4
Let w(g) = -3*g + 19. Suppose -3*c = -7 + 28. What is the units digit of w(c)?
0
Let n(x) = x**3 + 4 + 12*x**2 + x - 10*x + x**2. What is the tens digit of n(-13)?
2
Let z(g) = -g**3 + 12*g**2 - 30*g - 11. Let n be z(8). Suppose n*m - 294 = 141. What is the units digit of m?
7
Let u = 29 - 43. Let g(y) = -y**3 - 14*y**2 - 4*y - 2. What is the units digit of g(u)?
4
Suppose -8 = -4*h + 4. Let o(c) = c - c**3 - 13*c**2 + 24*c**2 - 7*c**2. What is the units digit of o(h)?
2
Suppose -2*k + 6*k + 3*q = 3, -12 = -3*k + q. Suppose 0*p + k*p = 0, 350 = 5*s + 2*p. Suppose 5*t = x + s, -51 - 5 = -4*t - 5*x. What is the units digit of t?
4
Suppose 0 = -3*z + 4*u + 5459, 4*z = -3*u - 2171 + 9433. What is the thousands digit of z?
1
Let z(n) be the second derivative of 11*n**3/6 - 13*n**2/2 + 2*n. Let h be z(7). Suppose 0*o - 3*o - 18 = -x, 5*x = 2*o + h. What is the units digit of x?
2
Suppose -6*s + 1260 = -8826. What is the tens digit of s?
8
Let f(k) = -539*k + 737. What is the tens digit of f(-8)?
4
What is the units digit of 578/1 - (1 + (-20)/4)?
2
Suppose -7*x + 99 - 1310 = 0. What is the hundreds digit of 8 - x - (-1 + -1)/2?
1
Suppose -2160*s = -2147*s - 67665. What is the units digit of s?
5
Let y = -40 - -28. Let n = y - -7. What is the units digit of 4 + n + (-6)/(-1)?
5
Suppose 0 = n - 7 + 5. What is the units digit of (-3)/(n/36*4/(-6))?
1
Let n be (2 - 5)/((-4)/16). Suppose -4 = 2*x + n. What is the units digit of (-16)/x + 1*7?
9
Let h be (168/(-35))/((-4)/10). Let i = h - 8. Suppose -4*f - f - 2*g + 104 = 0, 74 = i*f - 3*g. What is the tens digit of f?
2
Suppose -o - 4*w = 388, -2*w + 3*w + 2 = 0. What is the tens digit of ((-9)/5)/(6/o)?
1
Suppose -70*q + 12618 = -61*q. What is the tens digit of q?
0
Suppose 2*w + q = 9, 0 = -5*w - 0*q + q + 26. Suppose 0*o + w*o = 1045. What is the tens digit of o?
0
Suppose 3*y - 16 = -y, -3*o - 4*y - 56 = 0. Let k = 28 + o. Suppose k*a - 64 = -0*a. What is the units digit of a?
6
Suppose 3*z = -5*p - 5, 4 = -5*p + 4*p. Suppose -8*q - z*b + 570 = -3*q, 5*b - 110 = -q. What is the tens digit of q?
1
Suppose -11*d - 15 = -16*d. Suppose 0 = -y - 3*s + 38, 0 = d*y - 4*s - 86 - 80. What is the tens digit of y?
5
Let o be 3*4/(-16)*(-1672)/(-6). Let v = o - -299. What is the units digit of v?
0
Suppose -2*p - 4 = -4*s, 2*p + 0 = -s + 6. Suppose s*y = 3*y - 167. What is the units digit of y?
7
What is the hundreds digit of (-25 - -26)*-3854*(-1)/2?
9
Let b be ((-7)/14)/((-2)/(-124)). Let s = 36 - 101. Let o = b - s. What is the units digit of o?
4
Suppose -s + 23 = -33. What is the tens digit of s/(1 - 9/15)?
4
Suppose -3*l - 2*m = -2*l - 4, -3*l + 4*m = -2. What is the units digit of (57/l + -3)*2?
1
Suppose 0 = -5*x + 99 + 486. Let z = -62 + x. What is the units digit of z?
5
Let v(p) = p**2 - p + 2. Let q be -1*((1 - 1) + 9). Let t = q + 9. What is the units digit of v(t)?
2
Let d(q) = 7*q - 49. Let c be d(9). Suppose j - 1 - c = 0. What is the tens digit of j?
1
What is the hundreds digit of ((-20724)/(-154))/(9/42)?
6
Suppose -3*w + 383 = 4*p - 4*w, -4*p + 377 = w. Let i = 237 - p. What is the hundreds digit of i?
1
Suppose 5*s - 10*s = 15. Let c = 38 + s. What is the units digit of c?
5
What is the tens digit of (-3)/((-3)/179) - (-76)/(-19)?
7
Let z(g) = g + 1. Let p(s) = s**3 + 4*s**2 + 4*s + 10. Let o(x) = -p(x) + 4*z(x). What is the tens digit of o(-5)?
1
Let h = 2 - -13. Let a be 4/(-10) + 771/h. Let v = a - 15. What is the units digit of v?
6
What is the units digit of ((-2097)/(-15))/((-20)/(-200))?
8
Let f = 1207 - 957. What is the hundreds digit of f?
2
Suppose 3*x + 5*x - 1472 = 0. What is the tens digit of x?
8
Let y = 866 + -128. What is the units digit of y?
8
Suppose -3*u - 44 = -u. Let r = -27 - u. What is the tens digit of (2 - -59)/(6 + r)?
6
Suppose 0*j + 51 = -3*j. Let c = 55 + -96. Let h = j - c. What is the tens digit of h?
2
Let h = -1240 - -1264. What is the tens digit of h?
2
Let i = -20 + 28. Let s = -3 + i. Suppose -5*n = -s*u - 220, 4*n - 108 - 53 = -u. What is the tens digit of n?
4
Suppose -11*p + 9*p + 1172 = 0. What is the units digit of p?
6
Suppose -z = 3*y - 5 + 8, -z = 2*y + 2. Let a(f) = 23*f**2 - f - 3. What is the tens digit of a(y)?
2
Let v = 4624 + -2686. What is the units digit of v?
8
Let j = -10 + 14. Let w(s) = s**3 - 3*s**2 - 3*s + 1. Let u be w(j). Suppose 2*n + 55 + 56 = u*z, 0 = 2*z - n - 44. What is the tens digit of z?
2
Let t be 15/2*(-72)/60. Let x = 19 + t. Suppose 2*o - x = 14. What is the units digit of o?
2
Let q = 5 + -2. Suppose -18 = -5*j + k, -3*k = -q*j + 2 + 4. Suppose 62 = 3*w + y, -j*y - 105 + 23 = -3*w. What is the units digit of w?
2
Suppose -21*j + 24*j - 429 = 0. Let w = j + 38. What is the units digit of w?
1
What is the hundreds digit of 4623 + -7 - (-40)/10?
6
Suppose -5*x - 4*z = -3460, -3*x + 0*z + 2083 = z. What is the hundreds digit of x?
6
Let g(k) = -96*k + 23. What is the hundreds digit of g(-9)?
8
Let d(u) = -63*u + 5. Let a(s) = -62*s + 5. Let f(t) = 6*a(t) - 5*d(t). What is the hundreds digit of f(-2)?
1
Suppose v - 10 = -4*v. Suppose -v*h + h + 112 = 0. Suppose t = 2*q + 3*t - h, 0 = q - 4*t - 36. What is the tens digit of q?
5
Suppose 4 = -z + 9. Suppose 0 = -z*a + 383 + 152. What is the tens digit of a?
0
What is the units digit of ((-4)/6)/((-38)/9063)?
9
Suppose -9*i + 5505 = 2139. What is the hundreds digit of i?
3
Let j(c) = 25*c**2 + 7 - 31*c**2 - 2 + 2*c - c**3 + 7. Let u be j(-6). Suppose u = -6*d + 3*d + 45. What is the tens digit of d?
1
Suppose 0*j - 5 = 2*j + 5*s, -5*s = 4*j - 5. Suppose -j = -2*g - 3. What is the tens digit of (-2)/(-1 - g) - -14?
1
Suppose 189*k - 21224 = 182*k. What is the thousands digit of k?
3
Suppose 0 = -q + 18 + 22. Let i = -28 + q. Let m(v) = v**2 - 10*v - 2. What is the units digit of m(i)?
2
Let a = 89 - 85. Suppose 4*d = -4*s + 328, -106 = -2*d + a*s + 34. What is the units digit of d?
8
Let b = 617 + -153. What is the tens digit of b?
6
Suppose -4*n - 5 = 5*t + n, 2 = 4*t + 2*n. Suppose 5*m - x - 3*x = 50, -m = t*x - 10. What is the units digit of m?
0
Suppose -2*h + 11 = 5*l, h + 2*h = -5*l + 14. Suppose -121 = -4*t + h. Suppose -45 - t = -4*n. What is the units digit of n?
9
Let o = 2 + -2. Suppose o*l = l + 3. What is the tens digit of 2 + l/1 + 39?
3
Let p = -3 + 0. Let f be p/(-2)*4/(-3). What is the tens digit of (f - 2)*5/(-2)?
1
Let a(k) = 7*k**3 + k. Let g be a(1). Let l be (-20)/(3 + (-20)/g). Let z = -21 - l. What is the units digit of z?
9
Let k(i) = -13*i**2 - 7*i + i**3 + 10 - 25 + 15. What is the units digit of k(14)?
8
Let f(n) = 2*n - 31. Let y be f(18). Suppose -i + 865 = y*c - 0*i, -c + 4*i + 194 = 0. What is the hundreds digit of c?
1
Suppose 0 = -3*v - 12, -5*v + 3435 - 11985 = -2*q. What is the tens digit of q?
6
Suppose 15 = -l - 3*l - 3*y, 0 = -3*l + 4*y + 20. Suppose -k = -m + 4 - 29, 5*k = 2*m + 38. What is the units digit of -3 - m/1 - l?
6
Let r be ((-8)/5)/(2/(-15)). Let s be 30/r - (-2)/(-4). Suppose 4*g - 45 = -5*m - g, s*g = -m + 12. What is the units digit of m?
6
Let t(z) = -z**2 - 9*z + 10. Let c be t(-8). Let u be c/(-12)*(-2)/3. What is the tens digit of u*(-8)/(-12)*57?
3
What is the tens digit of 4*(-35)/(-56)*1204/5?
0
Let j be (-558)/15*(-30)/12. Let w = j - 54. What is the units digit of w?
9
Let g(z) = 52*z**2 - 23*z + 169. What is the tens digit of g(7)?
5
Suppos